{"version":"1.0","provider_name":"Fundaci\u00f3n Democracia y Gobierno Local","provider_url":"https:\/\/www.gobiernolocal.org\/acento-local","title":"Gobernanza local y fiscalidad de los residuos - Fundaci\u00f3n Democracia y Gobierno Local","type":"rich","width":600,"height":338,"html":"<blockquote class=\"wp-embedded-content\" data-secret=\"XGTg6K2PuW\"><a href=\"https:\/\/www.gobiernolocal.org\/acento-local\/gobernanza-local-y-fiscalidad-de-los-residuos\/\">Gobernanza local y fiscalidad de los residuos<\/a><\/blockquote><iframe sandbox=\"allow-scripts\" security=\"restricted\" src=\"https:\/\/www.gobiernolocal.org\/acento-local\/gobernanza-local-y-fiscalidad-de-los-residuos\/embed\/#?secret=XGTg6K2PuW\" width=\"600\" height=\"338\" title=\"\u00abGobernanza local y fiscalidad de los residuos\u00bb \u2014 Fundaci\u00f3n Democracia y Gobierno Local\" data-secret=\"XGTg6K2PuW\" frameborder=\"0\" marginwidth=\"0\" marginheight=\"0\" scrolling=\"no\" class=\"wp-embedded-content\"><\/iframe><script>\n\/*! This file is auto-generated *\/\n!function(d,l){\"use strict\";l.querySelector&&d.addEventListener&&\"undefined\"!=typeof URL&&(d.wp=d.wp||{},d.wp.receiveEmbedMessage||(d.wp.receiveEmbedMessage=function(e){var t=e.data;if((t||t.secret||t.message||t.value)&&!\/[^a-zA-Z0-9]\/.test(t.secret)){for(var s,r,n,a=l.querySelectorAll('iframe[data-secret=\"'+t.secret+'\"]'),o=l.querySelectorAll('blockquote[data-secret=\"'+t.secret+'\"]'),c=new RegExp(\"^https?:$\",\"i\"),i=0;i<o.length;i++)o[i].style.display=\"none\";for(i=0;i<a.length;i++)s=a[i],e.source===s.contentWindow&&(s.removeAttribute(\"style\"),\"height\"===t.message?(1e3<(r=parseInt(t.value,10))?r=1e3:~~r<200&&(r=200),s.height=r):\"link\"===t.message&&(r=new URL(s.getAttribute(\"src\")),n=new URL(t.value),c.test(n.protocol))&&n.host===r.host&&l.activeElement===s&&(d.top.location.href=t.value))}},d.addEventListener(\"message\",d.wp.receiveEmbedMessage,!1),l.addEventListener(\"DOMContentLoaded\",function(){for(var e,t,s=l.querySelectorAll(\"iframe.wp-embedded-content\"),r=0;r<s.length;r++)(t=(e=s[r]).getAttribute(\"data-secret\"))||(t=Math.random().toString(36).substring(2,12),e.src+=\"#?secret=\"+t,e.setAttribute(\"data-secret\",t)),e.contentWindow.postMessage({message:\"ready\",secret:t},\"*\")},!1)))}(window,document);\n\/\/# sourceURL=https:\/\/www.gobiernolocal.org\/acento-local\/wp-includes\/js\/wp-embed.min.js\n<\/script>\n","thumbnail_url":"https:\/\/www.gobiernolocal.org\/acento-local\/wp-content\/uploads\/2025\/10\/251015_800_01.jpg","thumbnail_width":800,"thumbnail_height":533,"description":"Desde la entrada en vigor de la Ley 7\/2022, los ayuntamientos espa\u00f1oles est\u00e1n obligados a establecer una tasa de residuos que cubra el coste total del servicio. Los incrementos recientes en la tasa reflejan esta presi\u00f3n. El dise\u00f1o de la tasa es complejo, especialmente para la aplicaci\u00f3n de sistemas de pago por generaci\u00f3n, que requieren infraestructuras espec\u00edficas. Ante estos retos, los municipios no se enfrentan en igualdad de condiciones. El debate est\u00e1 servido."}

Fundación Democracia y Gobierno Local

Gobernanza local y fiscalidad de los residuos - Fundación Democracia y Gobierno Local

<blockquote class="wp-embedded-content" data-secret="XGTg6K2PuW"><a href="https://www.gobiernolocal.org/acento-local/gobernanza-local-y-fiscalidad-de-los-residuos/">Gobernanza local y fiscalidad de los residuos</a></blockquote><iframe sandbox="allow-scripts" security="restricted" src="https://www.gobiernolocal.org/acento-local/gobernanza-local-y-fiscalidad-de-los-residuos/embed/#?secret=XGTg6K2PuW" width="600" height="338" title="«Gobernanza local y fiscalidad de los residuos» — Fundación Democracia y Gobierno Local" data-secret="XGTg6K2PuW" frameborder="0" marginwidth="0" marginheight="0" scrolling="no" class="wp-embedded-content"></iframe><script>
/*! This file is auto-generated */
!function(d,l){"use strict";l.querySelector&&d.addEventListener&&"undefined"!=typeof URL&&(d.wp=d.wp||{},d.wp.receiveEmbedMessage||(d.wp.receiveEmbedMessage=function(e){var t=e.data;if((t||t.secret||t.message||t.value)&&!/[^a-zA-Z0-9]/.test(t.secret)){for(var s,r,n,a=l.querySelectorAll('iframe[data-secret="'+t.secret+'"]'),o=l.querySelectorAll('blockquote[data-secret="'+t.secret+'"]'),c=new RegExp("^https?:$","i"),i=0;i<o.length;i++)o[i].style.display="none";for(i=0;i<a.length;i++)s=a[i],e.source===s.contentWindow&&(s.removeAttribute("style"),"height"===t.message?(1e3<(r=parseInt(t.value,10))?r=1e3:~~r<200&&(r=200),s.height=r):"link"===t.message&&(r=new URL(s.getAttribute("src")),n=new URL(t.value),c.test(n.protocol))&&n.host===r.host&&l.activeElement===s&&(d.top.location.href=t.value))}},d.addEventListener("message",d.wp.receiveEmbedMessage,!1),l.addEventListener("DOMContentLoaded",function(){for(var e,t,s=l.querySelectorAll("iframe.wp-embedded-content"),r=0;r<s.length;r++)(t=(e=s[r]).getAttribute("data-secret"))||(t=Math.random().toString(36).substring(2,12),e.src+="#?secret="+t,e.setAttribute("data-secret",t)),e.contentWindow.postMessage({message:"ready",secret:t},"*")},!1)))}(window,document);
//# sourceURL=https://www.gobiernolocal.org/acento-local/wp-includes/js/wp-embed.min.js
</script>

Desde la entrada en vigor de la Ley 7/2022, los ayuntamientos españoles están obligados a establecer una tasa de residuos que cubra el coste total del servicio. Los incrementos recientes en la tasa reflejan esta presión. El diseño de la tasa es complejo, especialmente para la aplicación de sistemas de pago por generación, que requieren infraestructuras específicas. Ante estos retos, los municipios no se enfrentan en igualdad de condiciones. El debate está servido.
